{"id":56,"date":"2021-09-30T22:12:42","date_gmt":"2021-09-30T22:12:42","guid":{"rendered":"https:\/\/webredox.net\/demo\/wp\/bauen\/light\/multi\/demo1\/?page_id=56"},"modified":"2025-02-17T16:27:57","modified_gmt":"2025-02-17T15:27:57","slug":"apropos","status":"publish","type":"page","link":"https:\/\/www.empreinte.re\/index.php\/apropos\/","title":{"rendered":"A propos"},"content":{"rendered":"[vc_row row_type=&#8221;main-section&#8221; bauen_section_layout=&#8221;section_grid&#8221; bauen_df_padding_bottom=&#8221;section-padding2&#8243;][vc_column width=&#8221;1\/2&#8243;][wr_vc_section_heading title=&#8221;A propos `{`span`}` d&#8217;Empreinte Architecturale `{`\/span`}`&#8221; animate=&#8221;yes&#8221; title2=&#8221;Bauen&#8221;]Empreinte Architecturale est une agence d\u2019architecture situ\u00e9e sur l\u2019\u00eele de la R\u00e9union. Notre \u00e9quipe pluridisciplinaire, compos\u00e9e d&#8217;architectes, d&#8217;ing\u00e9nieurs, d&#8217;\u00e9conomiste, et de dessinateurs, r\u00e9alise tout type de projets et toutes les missions de l\u2019architecte.<\/p>\n<p>Nous cr\u00e9ons, au travers du prisme des pr\u00e9occupations environnementales, paysag\u00e8res, soci\u00e9tales, urbaines et architecturales, des projets pour vous, des projets pour vivre, habiter et partager.<\/p>\n<p>Empreinte a aussi une app\u00e9tence et une comp\u00e9tence av\u00e9r\u00e9e pour R\u00e9habiliter, en r\u00e9inventant, en transformant l\u2019existant, de mani\u00e8re \u00e0 s\u2019inscrire dans une d\u00e9marche frugale et soutenable. La r\u00e9habilitation, pour ceux qui utilisent et habitent, fait sens avec nos convictions environnementales.<\/p>\n<p>Chaque projet est unique, se partage et se construit ensemble.[\/wr_vc_section_heading][\/vc_column][vc_column width=&#8221;1\/2&#8243;][wr_vc_section_image featyretype=&#8221;st2&#8243; animate=&#8221;yes&#8221; image=&#8221;951&#8243; title=&#8221;Agence \u00e0 La R\u00e9union&#8221;][\/vc_column][\/vc_row][vc_row row_type=&#8221;main-section&#8221; bauen_section_layout=&#8221;section_grid&#8221; bauen_df_padding_bottom=&#8221;section-padding2&#8243;][vc_column][wr_vc_section_heading title=&#8221;L&#8217;`{`span`}`\u00e9quipe`{`\/span`}`&#8221;][\/wr_vc_section_heading][\/vc_column][\/vc_row][vc_row row_type=&#8221;main-section&#8221; bauen_section_layout=&#8221;section_grid&#8221; bauen_df_padding_bottom=&#8221;section-padding2&#8243;][vc_column width=&#8221;1\/3&#8243;][wr_vc_grid_teams title=&#8221;Jane COULON&#8221; title2=&#8221;Architecte co-g\u00e9rant&#8221;][wr_vc_grid_team icon_class=&#8221;ti-facebook&#8221; link_url=&#8221;https:\/\/www.facebook.com\/empreintearchitecturale&#8221;][wr_vc_grid_team icon_class=&#8221;ti-instagram&#8221; link_url=&#8221;https:\/\/www.instagram.com\/empreintearchitecturale.re\/?hl=fr&#8221;][wr_vc_grid_team icon_class=&#8221;ti-linkedin&#8221; link_url=&#8221;https:\/\/www.linkedin.com\/in\/jane-coulon-a02884230\/&#8221;][\/wr_vc_grid_teams][\/vc_column][vc_column width=&#8221;1\/3&#8243;][wr_vc_grid_teams title=&#8221;Olivier LAVIROTTE&#8221; title2=&#8221;Architecte co-g\u00e9rant&#8221;][wr_vc_grid_team icon_class=&#8221;ti-facebook&#8221; link_url=&#8221;https:\/\/www.facebook.com\/empreintearchitecturale&#8221;][wr_vc_grid_team icon_class=&#8221;ti-instagram&#8221; link_url=&#8221;https:\/\/www.instagram.com\/empreintearchitecturale.re\/?hl=fr&#8221;][wr_vc_grid_team icon_class=&#8221;ti-linkedin&#8221; link_url=&#8221;https:\/\/www.linkedin.com\/in\/olivier-lavirotte-575ba7230\/&#8221;][\/wr_vc_grid_teams][\/vc_column][\/vc_row][vc_row row_type=&#8221;main-section&#8221; bauen_section_layout=&#8221;section_grid&#8221;][vc_column width=&#8221;1\/3&#8243;][wr_vc_grid_teams title=&#8221;Jocelyn RIPOCHE&#8221; title2=&#8221;Architecte DPLG&#8221;][\/wr_vc_grid_teams][\/vc_column][vc_column width=&#8221;1\/3&#8243;][wr_vc_grid_teams title=&#8221;Camille BRANCHU&#8221; title2=&#8221;Architecte DPLG&#8221;][wr_vc_grid_team icon_class=&#8221;ti-linkedin&#8221; link_url=&#8221;https:\/\/www.linkedin.com\/in\/camille-branchu-01b62157\/&#8221;][\/wr_vc_grid_teams][\/vc_column][vc_column width=&#8221;1\/3&#8243;][\/vc_column][\/vc_row][vc_row row_type=&#8221;main-section&#8221; bauen_section_layout=&#8221;section_grid&#8221;][vc_column width=&#8221;1\/3&#8243;][wr_vc_grid_teams title=&#8221;Gr\u00e9goire HENNEQUIN&#8221; title2=&#8221;Architecte&#8221;][\/wr_vc_grid_teams][\/vc_column][vc_column width=&#8221;1\/3&#8243;][wr_vc_grid_teams title=&#8221;Alba ANSONG&#8221; title2=&#8221;Architecte HMONP&#8221;][\/wr_vc_grid_teams][\/vc_column][vc_column width=&#8221;1\/3&#8243;][wr_vc_grid_teams title=&#8221;Anais BAILLEUX&#8221; title2=&#8221;Dessinatrice&#8221;][\/wr_vc_grid_teams][\/vc_column][\/vc_row][vc_row row_type=&#8221;main-section&#8221; bauen_section_layout=&#8221;section_grid&#8221; bauen_df_padding_bottom=&#8221;section-padding2&#8243;][vc_column width=&#8221;1\/3&#8243;][wr_vc_grid_teams title=&#8221;Estelle DUPR\u00c9&#8221; title2=&#8221;Directrice de projet \/ Ing\u00e9nieure Architecte&#8221;][wr_vc_grid_team icon_class=&#8221;ti-linkedin&#8221; link_url=&#8221;https:\/\/www.linkedin.com\/in\/estelle-dupr\u00e9-467b18b4\/&#8221;][\/wr_vc_grid_teams][\/vc_column][vc_column width=&#8221;1\/3&#8243;][wr_vc_grid_teams title=&#8221;Laurent ROUSSEL&#8221; title2=&#8221;Charg\u00e9 de travaux&#8221;][\/wr_vc_grid_teams][\/vc_column][vc_column width=&#8221;1\/3&#8243;][wr_vc_grid_teams title=&#8221;Thomas Guerineau&#8221; title2=&#8221;Charg\u00e9 de travaux&#8221;][\/wr_vc_grid_teams][\/vc_column][\/vc_row][vc_row row_type=&#8221;main-section&#8221; bauen_section_layout=&#8221;section_grid&#8221; bauen_df_padding_bottom=&#8221;section-padding2&#8243;][vc_column width=&#8221;1\/3&#8243;][wr_vc_grid_teams title=&#8221;Sebastien APATOLIE&#8221; title2=&#8221;Economiste \/ M\u00e9treur \/ Prescripteur&#8221;][\/wr_vc_grid_teams][\/vc_column][vc_column width=&#8221;1\/3&#8243;][wr_vc_grid_teams title=&#8221;Arielle LANGEVILLIER&#8221; title2=&#8221;Assistante de direction&#8221;][\/wr_vc_grid_teams][\/vc_column][\/vc_row]\n","protected":false},"excerpt":{"rendered":"<p>[vc_row row_type=&#8221;main-section&#8221; bauen_section_layout=&#8221;section_grid&#8221; bauen_df_padding_bottom=&#8221;section-padding2&#8243;][vc_column width=&#8221;1\/2&#8243;][wr_vc_section_heading title=&#8221;A propos `{`span`}` d&#8217;Empreinte Architecturale `{`\/span`}`&#8221; animate=&#8221;yes&#8221; title2=&#8221;Bauen&#8221;]Empreinte Architecturale est une agence d\u2019architecture situ\u00e9e sur l\u2019\u00eele de la R\u00e9union. Notre \u00e9quipe pluridisciplinaire, compos\u00e9e d&#8217;architectes, d&#8217;ing\u00e9nieurs, d&#8217;\u00e9conomiste, et de dessinateurs, r\u00e9alise tout type de projets et toutes les missions de l\u2019architecte. Nous cr\u00e9ons, au travers du prisme des pr\u00e9occupations environnementales, paysag\u00e8res, soci\u00e9tales, urbaines et architecturales, des&#8230;<\/p>\n","protected":false},"author":1,"featured_media":0,"parent":0,"menu_order":0,"comment_status":"closed","ping_status":"closed","template":"","meta":{"_monsterinsights_skip_tracking":false,"_monsterinsights_sitenote_active":false,"_monsterinsights_sitenote_note":"","_monsterinsights_sitenote_category":0,"footnotes":"","_links_to":"","_links_to_target":""},"class_list":["post-56","page","type-page","status-publish","hentry"],"aioseo_notices":[],"_links":{"self":[{"href":"https:\/\/www.empreinte.re\/index.php\/wp-json\/wp\/v2\/pages\/56","targetHints":{"allow":["GET"]}}],"collection":[{"href":"https:\/\/www.empreinte.re\/index.php\/wp-json\/wp\/v2\/pages"}],"about":[{"href":"https:\/\/www.empreinte.re\/index.php\/wp-json\/wp\/v2\/types\/page"}],"author":[{"embeddable":true,"href":"https:\/\/www.empreinte.re\/index.php\/wp-json\/wp\/v2\/users\/1"}],"replies":[{"embeddable":true,"href":"https:\/\/www.empreinte.re\/index.php\/wp-json\/wp\/v2\/comments?post=56"}],"version-history":[{"count":132,"href":"https:\/\/www.empreinte.re\/index.php\/wp-json\/wp\/v2\/pages\/56\/revisions"}],"predecessor-version":[{"id":1181,"href":"https:\/\/www.empreinte.re\/index.php\/wp-json\/wp\/v2\/pages\/56\/revisions\/1181"}],"wp:attachment":[{"href":"https:\/\/www.empreinte.re\/index.php\/wp-json\/wp\/v2\/media?parent=56"}],"curies":[{"name":"wp","href":"https:\/\/api.w.org\/{rel}","templated":true}]}}

[vc_row row_type=&#8221;main-section&#8221; bauen_section_layout=&#8221;section_grid&#8221; bauen_df_padding_bottom=&#8221;section-padding2&#8243;][vc_column width=&#8221;1/2&#8243;][wr_vc_section_heading title=&#8221;A propos `{`span`}` d&#8217;Empreinte Architecturale `{`/span`}`&#8221; animate=&#8221;yes&#8221; title2=&#8221;Bauen&#8221;]Empreinte Architecturale est une agence d’architecture située sur l’île de la Réunion. Notre équipe pluridisciplinaire, composée d&#8217;architectes, d&#8217;ingénieurs, d&#8217;économiste, et de dessinateurs, réalise tout type de projets et toutes les missions de l’architecte.</p>
<p>Nous créons, au travers du prisme des préoccupations environnementales, paysagères, sociétales, urbaines et architecturales, des projets pour vous, des projets pour vivre, habiter et partager.</p>
<p>Empreinte a aussi une appétence et une compétence avérée pour Réhabiliter, en réinventant, en transformant l’existant, de manière à s’inscrire dans une démarche frugale et soutenable. La réhabilitation, pour ceux qui utilisent et habitent, fait sens avec nos convictions environnementales.</p>
<p>Chaque projet est unique, se partage et se construit ensemble.[/wr_vc_section_heading][/vc_column][vc_column width=&#8221;1/2&#8243;][wr_vc_section_image featyretype=&#8221;st2&#8243; animate=&#8221;yes&#8221; image=&#8221;951&#8243; title=&#8221;Agence à La Réunion&#8221;][/vc_column][/vc_row][vc_row row_type=&#8221;main-section&#8221; bauen_section_layout=&#8221;section_grid&#8221; bauen_df_padding_bottom=&#8221;section-padding2&#8243;][vc_column][wr_vc_section_heading title=&#8221;L&#8217;`{`span`}`équipe`{`/span`}`&#8221;][/wr_vc_section_heading][/vc_column][/vc_row][vc_row row_type=&#8221;main-section&#8221; bauen_section_layout=&#8221;section_grid&#8221; bauen_df_padding_bottom=&#8221;section-padding2&#8243;][vc_column width=&#8221;1/3&#8243;][wr_vc_grid_teams title=&#8221;Jane COULON&#8221; title2=&#8221;Architecte co-gérant&#8221;][wr_vc_grid_team icon_class=&#8221;ti-facebook&#8221; link_url=&#8221;https://www.facebook.com/empreintearchitecturale&#8221;][wr_vc_grid_team icon_class=&#8221;ti-instagram&#8221; link_url=&#8221;https://www.instagram.com/empreintearchitecturale.re/?hl=fr&#8221;][wr_vc_grid_team icon_class=&#8221;ti-linkedin&#8221; link_url=&#8221;https://www.linkedin.com/in/jane-coulon-a02884230/&#8221;][/wr_vc_grid_teams][/vc_column][vc_column width=&#8221;1/3&#8243;][wr_vc_grid_teams title=&#8221;Olivier LAVIROTTE&#8221; title2=&#8221;Architecte co-gérant&#8221;][wr_vc_grid_team icon_class=&#8221;ti-facebook&#8221; link_url=&#8221;https://www.facebook.com/empreintearchitecturale&#8221;][wr_vc_grid_team icon_class=&#8221;ti-instagram&#8221; link_url=&#8221;https://www.instagram.com/empreintearchitecturale.re/?hl=fr&#8221;][wr_vc_grid_team icon_class=&#8221;ti-linkedin&#8221; link_url=&#8221;https://www.linkedin.com/in/olivier-lavirotte-575ba7230/&#8221;][/wr_vc_grid_teams][/vc_column][/vc_row][vc_row row_type=&#8221;main-section&#8221; bauen_section_layout=&#8221;section_grid&#8221;][vc_column width=&#8221;1/3&#8243;][wr_vc_grid_teams title=&#8221;Jocelyn RIPOCHE&#8221; title2=&#8221;Architecte DPLG&#8221;][/wr_vc_grid_teams][/vc_column][vc_column width=&#8221;1/3&#8243;][wr_vc_grid_teams title=&#8221;Camille BRANCHU&#8221; title2=&#8221;Architecte DPLG&#8221;][wr_vc_grid_team icon_class=&#8221;ti-linkedin&#8221; link_url=&#8221;https://www.linkedin.com/in/camille-branchu-01b62157/&#8221;][/wr_vc_grid_teams][/vc_column][vc_column width=&#8221;1/3&#8243;][/vc_column][/vc_row][vc_row row_type=&#8221;main-section&#8221; bauen_section_layout=&#8221;section_grid&#8221;][vc_column width=&#8221;1/3&#8243;][wr_vc_grid_teams title=&#8221;Grégoire HENNEQUIN&#8221; title2=&#8221;Architecte&#8221;][/wr_vc_grid_teams][/vc_column][vc_column width=&#8221;1/3&#8243;][wr_vc_grid_teams title=&#8221;Alba ANSONG&#8221; title2=&#8221;Architecte HMONP&#8221;][/wr_vc_grid_teams][/vc_column][vc_column width=&#8221;1/3&#8243;][wr_vc_grid_teams title=&#8221;Anais BAILLEUX&#8221; title2=&#8221;Dessinatrice&#8221;][/wr_vc_grid_teams][/vc_column][/vc_row][vc_row row_type=&#8221;main-section&#8221; bauen_section_layout=&#8221;section_grid&#8221; bauen_df_padding_bottom=&#8221;section-padding2&#8243;][vc_column width=&#8221;1/3&#8243;][wr_vc_grid_teams title=&#8221;Estelle DUPRÉ&#8221; title2=&#8221;Directrice de projet / Ingénieure Architecte&#8221;][wr_vc_grid_team icon_class=&#8221;ti-linkedin&#8221; link_url=&#8221;https://www.linkedin.com/in/estelle-dupré-467b18b4/&#8221;][/wr_vc_grid_teams][/vc_column][vc_column width=&#8221;1/3&#8243;][wr_vc_grid_teams title=&#8221;Laurent ROUSSEL&#8221; title2=&#8221;Chargé de travaux&#8221;][/wr_vc_grid_teams][/vc_column][vc_column width=&#8221;1/3&#8243;][wr_vc_grid_teams title=&#8221;Thomas Guerineau&#8221; title2=&#8221;Chargé de travaux&#8221;][/wr_vc_grid_teams][/vc_column][/vc_row][vc_row row_type=&#8221;main-section&#8221; bauen_section_layout=&#8221;section_grid&#8221; bauen_df_padding_bottom=&#8221;section-padding2&#8243;][vc_column width=&#8221;1/3&#8243;][wr_vc_grid_teams title=&#8221;Sebastien APATOLIE&#8221; title2=&#8221;Economiste / Métreur / Prescripteur&#8221;][/wr_vc_grid_teams][/vc_column][vc_column width=&#8221;1/3&#8243;][wr_vc_grid_teams title=&#8221;Arielle LANGEVILLIER&#8221; title2=&#8221;Assistante de direction&#8221;][/wr_vc_grid_teams][/vc_column][/vc_row]

<p>[vc_row row_type=&#8221;main-section&#8221; bauen_section_layout=&#8221;section_grid&#8221; bauen_df_padding_bottom=&#8221;section-padding2&#8243;][vc_column width=&#8221;1/2&#8243;][wr_vc_section_heading title=&#8221;A propos `{`span`}` d&#8217;Empreinte Architecturale `{`/span`}`&#8221; animate=&#8221;yes&#8221; title2=&#8221;Bauen&#8221;]Empreinte Architecturale est une agence d’architecture située sur l’île de la Réunion. Notre équipe pluridisciplinaire, composée d&#8217;architectes, d&#8217;ingénieurs, d&#8217;économiste, et de dessinateurs, réalise tout type de projets et toutes les missions de l’architecte. Nous créons, au travers du prisme des préoccupations environnementales, paysagères, sociétales, urbaines et architecturales, des&#8230;</p>
