{"id":351,"date":"2022-07-24T11:30:49","date_gmt":"2022-07-24T09:30:49","guid":{"rendered":"https:\/\/www.empreinte.re\/?page_id=351"},"modified":"2022-08-03T21:29:45","modified_gmt":"2022-08-03T19:29:45","slug":"equipement-public","status":"publish","type":"page","link":"https:\/\/www.empreinte.re\/index.php\/equipement-public\/","title":{"rendered":"Partager"},"content":{"rendered":"[vc_row row_type=&#8221;main-section&#8221; bauen_section_layout=&#8221;section_grid&#8221;][vc_column]<div class=\"sec-portfolio projects \"><div class=\"container-after\"><div class=\"row isotope-items-wrap  no-hide-last loadmore-wrapper\" data-load-item=\"10000000\" data-button-text=\"Load More\"><div class=\"grid-sizer\"><\/div><div class=\"isotope-item col-md-6 partager \"><div class=\"item\"><div class=\"position-re position-re-order-grid o-hidden\"><div class=\"cd-pt-ab\"><img decoding=\"async\" src=\"https:\/\/www.empreinte.re\/wp-content\/uploads\/2025\/02\/UCO-1920x1180-1.jpg\" alt=\"\" \/><\/div><\/div><div class=\"con\"><h6><span class=\"cat-divider\">Partager  <\/span><\/h6><h5><a href=\"https:\/\/www.empreinte.re\/index.php\/portfolio\/amphitheatre-de-luco\/\">L\u2019Universit\u00e9 Catholique de l\u2019Ouest (UCO)<\/a><\/h5><div class=\"line\"><\/div> <a href=\"https:\/\/www.empreinte.re\/index.php\/portfolio\/amphitheatre-de-luco\/\"><i class=\"ti-arrow-right\"><\/i><\/a><\/div><\/div><\/div><div class=\"isotope-item col-md-6 partager \"><div class=\"item\"><div class=\"position-re position-re-order-grid o-hidden\"><div class=\"cd-pt-ab\"><img decoding=\"async\" src=\"https:\/\/www.empreinte.re\/wp-content\/uploads\/2022\/08\/College.jpg\" alt=\"\" \/><\/div><\/div><div class=\"con\"><h6><span class=\"cat-divider\">Partager  <\/span><\/h6><h5><a href=\"https:\/\/www.empreinte.re\/index.php\/portfolio\/college-levavasseur\/\">Coll\u00e8ge Levavasseur<\/a><\/h5><div class=\"line\"><\/div> <a href=\"https:\/\/www.empreinte.re\/index.php\/portfolio\/college-levavasseur\/\"><i class=\"ti-arrow-right\"><\/i><\/a><\/div><\/div><\/div><div class=\"isotope-item col-md-6 partager \"><div class=\"item\"><div class=\"position-re position-re-order-grid o-hidden\"><div class=\"cd-pt-ab\"><img decoding=\"async\" src=\"https:\/\/www.empreinte.re\/wp-content\/uploads\/2022\/07\/Photo-4.jpg\" alt=\"\" \/><\/div><\/div><div class=\"con\"><h6><span class=\"cat-divider\">Partager  <\/span><\/h6><h5><a href=\"https:\/\/www.empreinte.re\/index.php\/portfolio\/esat\/\">ESAT<\/a><\/h5><div class=\"line\"><\/div> <a href=\"https:\/\/www.empreinte.re\/index.php\/portfolio\/esat\/\"><i class=\"ti-arrow-right\"><\/i><\/a><\/div><\/div><\/div><div class=\"isotope-item col-md-6 partager \"><div class=\"item\"><div class=\"position-re position-re-order-grid o-hidden\"><div class=\"cd-pt-ab\"><img decoding=\"async\" src=\"https:\/\/www.empreinte.re\/wp-content\/uploads\/2022\/07\/Poste-1-1.jpg\" alt=\"\" \/><\/div><\/div><div class=\"con\"><h6><span class=\"cat-divider\">Partager  <\/span><\/h6><h5><a href=\"https:\/\/www.empreinte.re\/index.php\/portfolio\/poste-de-surveillance-mns\/\">Poste de surveillance MNS<\/a><\/h5><div class=\"line\"><\/div> <a href=\"https:\/\/www.empreinte.re\/index.php\/portfolio\/poste-de-surveillance-mns\/\"><i class=\"ti-arrow-right\"><\/i><\/a><\/div><\/div><\/div><div class=\"isotope-item col-md-6 partager \"><div class=\"item\"><div class=\"position-re position-re-order-grid o-hidden\"><div class=\"cd-pt-ab\"><img decoding=\"async\" src=\"https:\/\/www.empreinte.re\/wp-content\/uploads\/2022\/07\/Photo-1.jpg\" alt=\"\" \/><\/div><\/div><div class=\"con\"><h6><span class=\"cat-divider\">Partager  <\/span><\/h6><h5><a href=\"https:\/\/www.empreinte.re\/index.php\/portfolio\/le-battant-des-lames\/\">Le Battant des lames<\/a><\/h5><div class=\"line\"><\/div> <a href=\"https:\/\/www.empreinte.re\/index.php\/portfolio\/le-battant-des-lames\/\"><i class=\"ti-arrow-right\"><\/i><\/a><\/div><\/div><\/div><div class=\"isotope-item col-md-6 partager \"><div class=\"item\"><div class=\"position-re position-re-order-grid o-hidden\"><div class=\"cd-pt-ab\"><img decoding=\"async\" src=\"https:\/\/www.empreinte.re\/wp-content\/uploads\/2021\/09\/Parc-hotel-du-maido.jpg\" alt=\"\" \/><\/div><\/div><div class=\"con\"><h6><span class=\"cat-divider\">Partager  <\/span><\/h6><h5><a href=\"https:\/\/www.empreinte.re\/index.php\/portfolio\/parchoteldumaido\/\">Parc h\u00f4tel du Ma\u00efdo<\/a><\/h5><div class=\"line\"><\/div> <a href=\"https:\/\/www.empreinte.re\/index.php\/portfolio\/parchoteldumaido\/\"><i class=\"ti-arrow-right\"><\/i><\/a><\/div><\/div><\/div><div class=\"isotope-item col-md-6 partager \"><div class=\"item\"><div class=\"position-re position-re-order-grid o-hidden\"><div class=\"cd-pt-ab\"><img decoding=\"async\" src=\"https:\/\/www.empreinte.re\/wp-content\/uploads\/2022\/07\/St-Paul-5.jpg\" alt=\"\" \/><\/div><\/div><div class=\"con\"><h6><span class=\"cat-divider\">Partager  <\/span><\/h6><h5><a href=\"https:\/\/www.empreinte.re\/index.php\/portfolio\/marche-couvert-de-saint-paul\/\">March\u00e9 couvert de Saint-Paul<\/a><\/h5><div class=\"line\"><\/div> <a href=\"https:\/\/www.empreinte.re\/index.php\/portfolio\/marche-couvert-de-saint-paul\/\"><i class=\"ti-arrow-right\"><\/i><\/a><\/div><\/div><\/div><div class=\"isotope-item col-md-6 partager \"><div class=\"item\"><div class=\"position-re position-re-order-grid o-hidden\"><div class=\"cd-pt-ab\"><img decoding=\"async\" src=\"https:\/\/www.empreinte.re\/wp-content\/uploads\/2022\/07\/lyce\u0301e-3.jpg\" alt=\"\" \/><\/div><\/div><div class=\"con\"><h6><span class=\"cat-divider\">Partager  <\/span><\/h6><h5><a href=\"https:\/\/www.empreinte.re\/index.php\/portfolio\/lycee-des-metiers-du-batiment-de-longoni\/\">Lyc\u00e9e des m\u00e9tiers du b\u00e2timent de Longoni<\/a><\/h5><div class=\"line\"><\/div> <a href=\"https:\/\/www.empreinte.re\/index.php\/portfolio\/lycee-des-metiers-du-batiment-de-longoni\/\"><i class=\"ti-arrow-right\"><\/i><\/a><\/div><\/div><\/div><\/div><\/div><\/div>[\/vc_column][\/vc_row]\n","protected":false},"excerpt":{"rendered":"<p>[vc_row row_type=&#8221;main-section&#8221; bauen_section_layout=&#8221;section_grid&#8221;][vc_column][\/vc_column][\/vc_row]<\/p>\n","protected":false},"author":1,"featured_media":0,"parent":0,"menu_order":0,"comment_status":"closed","ping_status":"closed","template":"","meta":{"_monsterinsights_skip_tracking":false,"_monsterinsights_sitenote_active":false,"_monsterinsights_sitenote_note":"","_monsterinsights_sitenote_category":0,"footnotes":"","_links_to":"","_links_to_target":""},"class_list":["post-351","page","type-page","status-publish","hentry"],"aioseo_notices":[],"_links":{"self":[{"href":"https:\/\/www.empreinte.re\/index.php\/wp-json\/wp\/v2\/pages\/351","targetHints":{"allow":["GET"]}}],"collection":[{"href":"https:\/\/www.empreinte.re\/index.php\/wp-json\/wp\/v2\/pages"}],"about":[{"href":"https:\/\/www.empreinte.re\/index.php\/wp-json\/wp\/v2\/types\/page"}],"author":[{"embeddable":true,"href":"https:\/\/www.empreinte.re\/index.php\/wp-json\/wp\/v2\/users\/1"}],"replies":[{"embeddable":true,"href":"https:\/\/www.empreinte.re\/index.php\/wp-json\/wp\/v2\/comments?post=351"}],"version-history":[{"count":14,"href":"https:\/\/www.empreinte.re\/index.php\/wp-json\/wp\/v2\/pages\/351\/revisions"}],"predecessor-version":[{"id":719,"href":"https:\/\/www.empreinte.re\/index.php\/wp-json\/wp\/v2\/pages\/351\/revisions\/719"}],"wp:attachment":[{"href":"https:\/\/www.empreinte.re\/index.php\/wp-json\/wp\/v2\/media?parent=351"}],"curies":[{"name":"wp","href":"https:\/\/api.w.org\/{rel}","templated":true}]}}